ber?
False
Let f(k) = k**3 + 4*k**2 - 2*k - 1. Let j be (-2)/9 + (-64)/36. Let w be f(j). Suppose -6*l - 665 = -w*l. Is l composite?
True
Let b(r) = r + 16. Let f be b(-7). Suppose -f = 3*z + 24. Let k = z + 20. Is k composite?
True
Suppose x + 4*n = 67, -5*x - 2*n + 5*n = -243. Suppose -5*l - a + x = 0, 0 = 4*a - 4 - 0. Is l a composite number?
True
Let x(z) = -21*z + 22. Is x(-13) a composite number?
True
Let a = 230 - 72. Is a a composite number?
True
Let l = -454 + 935. Is l composite?
True
Let y(p) = -5*p**3 - p**2 + p - 2. Let o(l) = 11*l**3 + l**2 - 2*l + 3. Let j(v) = 4*o(v) + 9*y(v). Let g be j(-5). Let s = g + 94. Is s prime?
True
Suppose 93 - 21 = -4*s. Let z = s + 55. Is z a composite number?
False
Let y(t) = 45*t + 3. Let c be y(3). Let i = c - 59. Is i a composite number?
False
Let h be -3 + (246 - 1 - 0). Let l = h + -99. Is l a composite number?
True
Let p(u) = 3*u**2 + 9. Let t be p(5). Suppose -2*m = -20 - 74. Let i = t - m. Is i prime?
True
Suppose -s + y = 4*y + 12, -2*s = 3*y + 27. Let c = s - -68. Is c prime?
True
Suppose -4 = -p + 2*p. Let a(k) = k**3 + 4*k**2 - 2*k - 1. Let q be a(p). Is 300/q - 5/(-35) prime?
True
Suppose -6*g + 15*g - 11871 = 0. Is g prime?
True
Let q = 4 - 1. Is -26*(q/(-2) - 2) prime?
False
Let c(m) = 2*m**3 + 3*m**2 - 1. Let f(d) = -5*d**3 - 8*d**2 + 3. Let v(j) = 11*c(j) + 4*f(j). Let g be v(-3). Let u = g + 66. Is u prime?
False
Suppose -u - 12 = -k, -5*k + 15 = -3*u - 25. Let l be (2/3)/(u/(-135)). Let h(c) = -c**3 + 12*c**2 - c + 3. Is h(l) composite?
True
Let m(b) = 32*b - 5. Is m(3) prime?
False
Suppose 4*j - 1266 = 1322. Is j a prime number?
True
Let t(h) be the third derivative of h**6/60 - 7*h**5/60 + h**4/8 + 5*h**3/6 - 6*h**2. Is t(6) composite?
True
Is 8/12*33/1 a composite number?
True
Suppose 4*h + 5*n = 4*n - 96, -5*n = 0. Let f = 11 - h. Is f a composite number?
True
Suppose 5*m - 5 = 10. Suppose m*z - 176 = z. Suppose -8*a + z = -4*a. Is a composite?
True
Let k(s) = -s**3 - 9*s**2 - s - 4. Let i be k(-9). Suppose 0 = i*n + 17 - 117. Is 12/n + (-484)/(-10) a prime number?
False
Suppose v + 2*v + 6 = 2*h, 2*h = 2*v + 4. Suppose -3*s - 268 = -5*b + s, 200 = 4*b + 4*s. Suppose h = -5*c + b + 3. Is c a prime number?
True
Suppose -13*s + 395 = -8*s. Is s composite?
False
Is (-2912)/(-5) - -5 - 2/5 a composite number?
False
Let m(d) = 21*d - 16. Is m(15) a prime number?
False
Let a(w) = -2*w + 4. Let i be a(3). Is 6*43/2 + i composite?
False
Let q be (-16)/6*9/4. Let x = 45 + q. Is x composite?
True
Is ((-3908)/16)/(4/(-16)) composite?
False
Let n be 4514/3 + (-2)/(-6). Suppose 6*g - g = n. Is g composite?
True
Let z(x) = -x - 10. Let a be z(-10). Let t = a - -30. Let r = t + 19. Is r a composite number?
True
Suppose 0 = -2*l + 5*l - 27. Suppose -r + 14 = -l. Is r prime?
True
Let p = 184 + 145. Is p a composite number?
True
Let z(m) = -20*m**2 + 3. Let h(k) = k**2 + k - 1. Let p(a) = -2*h(a) - z(a). Let w be (1/2 + 0)*-2. Is p(w) prime?
True
Is (3 - 1 - (-9 - -12))*-673 a prime number?
True
Is -1*(-632 - (-6 + 3)) composite?
True
Suppose -4*s = 4*g + 36, 6*s - 4*s - 4*g - 6 = 0. Is (-167)/(-2) + s/10 prime?
True
Let c be (-1)/2*(-395 - -1). Suppose -2 + c = 3*o. Let p = -28 + o. Is p a prime number?
True
Let n(i) = -i**2 + 6*i - 3. Let w = -11 - -16. Let t be n(w). Is -1 - 52/t*-5 composite?
True
Suppose -s + 2*t - 357 = -6*s, -143 = -2*s - t. Is s a prime number?
True
Let i(j) = -j - 4. Suppose d + 24 = -3*g, -g + 21 = -3*g + d. Let p be i(g). Suppose p*x = 5*m + 105, -x - 4*x = -2*m - 105. Is x a composite number?
True
Let b(n) = 9*n**3 - 4*n**2 + n + 12. Is b(5) a composite number?
True
Let x(f) = 20*f**3 - 4*f + 3. Is x(2) composite?
True
Let t(j) = -2*j**3 - 9*j**2 - 4*j + 11. Is t(-8) composite?
False
Let l(y) be the first derivative of 101*y**4/2 - y**3/3 + 3. Is l(1) composite?
True
Suppose -t - 4*f = -9*f - 526, 1091 = 2*t + 3*f. Is t a composite number?
False
Let h = -131 + 45. Let n = -52 - h. Is n composite?
True
Let l(t) = -t**3 + t**2 + t + 862. Let g be l(0). Let v be g/(-2 + (-2 - -6)). Let j = -208 + v. Is j a composite number?
False
Let l(s) = -s**3 + s**2 + s - 122. Let v be l(0). Let n = 609 + v. Is n prime?
True
Suppose -5*o = -o. Suppose z + b = o, z - 4 - 11 = 4*b. Suppose 0 = -z*w + w + 318. Is w a composite number?
True
Let q(z) = -14 - 4*z + 3 + 6*z + 3*z + 4*z**2. Is q(6) a prime number?
True
Suppose 0 = b - 5*w - 30, -2*w = 4*b + 3*w + 5. Let y(t) = 2*t + 5. Is y(b) a prime number?
False
Suppose -4*f = -k - 1113, -3*f + 3*k + 1263 = 426. Let q = f - 9. Is q prime?
True
Suppose 5*d = 7*d - 38. Is d a composite number?
False
Let z(p) = -3*p**2 - 3*p - 10. Let s be z(-5). Is (19/2)/((-5)/s) prime?
False
Let h(t) = t**2 + t + 1. Let s be h(-2). Suppose 640 = 7*f - 2*f + s*o, f = 3*o + 146. Is f composite?
False
Let q = 4588 + -1677. Is q a prime number?
False
Is ((-1)/(1600/1604 - 1))/1 prime?
True
Let k(t) = 2*t**2 + 3*t + 509. Let c be k(0). Let s be (1 - 354/(-2)) + -1. Suppose -4*v - s + c = 0. Is v a prime number?
True
Let r = -882 - -1325. Is r a prime number?
True
Is (-1)/(3/(-44)) - (-3)/9 a prime number?
False
Let r(c) = c**2 - c + 263. Is r(0) a prime number?
True
Let k(i) = i**3 - 4*i**2 - 4*i - 2. Let r be k(5). Suppose -s = -4*c - 77, -r*s - 95 = -4*s - 2*c. Is s a composite number?
False
Suppose 12*m - 18161 = m. Is m composite?
True
Suppose -l + 2*l + 19 = 0. Let y = 29 + l. Is y composite?
True
Let b(j) = j - 4*j + 3*j**3 - 2*j**3 + 1. Is b(3) a prime number?
True
Suppose 6340 + 5668 = 8*d. Is d a prime number?
False
Let g(v) = -v - 2. Let h be g(-5). Suppose 8*a - 130 = -450. Is (-2)/h - a/6 composite?
True
Suppose 0 = -2*m + s - 18, -3*m - 4*s + 2 = -4*m. Is (-18)/30 + (-1426)/m a composite number?
True
Let l(t) = -t**2 + t + 149. Is l(0) a composite number?
False
Let h(i) = 4*i**2 - i - 17. Let s be h(9). Suppose -2*a = -3*l + 194, 5*l + 3*a - s = -0*l. Is l a prime number?
False
Suppose 3*d = d + 5*h - 9, 2*h + 14 = 3*d. Let f(t) = t**2 - 7*t - 9. Let z be f(d). Let c(i) = -76*i**3 + i**2 - i - 1. Is c(z) a prime number?
False
Let c(j) = -j**2 + 6*j - 5. Let d be c(5). Suppose 5*x = -5*t + 80, -3*x + d*x = 5*t - 80. Suppose 3*n - v + 4 = 30, -4*v + t = 0. Is n composite?
True
Suppose -14 = -w + 3*t, -5*w - t - 2*t = 2. Suppose 3*m - 16 = -7. Suppose -3*a = -5*p - 154, w = -p + m. Is a prime?
True
Let n = 228 + 185. Is n a prime number?
False
Let p = 13 - 11. Suppose 0 = -p*h - 2*h - 280. Is h/20*1*-46 a composite number?
True
Suppose -136*m + 135*m = -4441. Is m a prime number?
True
Let z(s) = -s. Let g be z(-6). Let t = 10 - g. Suppose 3*o = t*o - 26. Is o prime?
False
Let t be 1*-9*(-16)/12. Is (-3)/2*(-184)/t a prime number?
True
Let h(u) = 3*u - 11. Let z be h(9). Is z/(-6)*(-189)/36 prime?
False
Suppose 3*d = 4*d - 187. Is d a composite number?
True
Is ((-4)/(-6))/((-2)/(-255)) a composite number?
True
Suppose 0*u = u - 47. Is u a composite number?
False
Let c = -241 - -1718. Is c prime?
False
Suppose 5*b - 4*k + 3*k = 1596, 0 = -b - 5*k + 340. Suppose 5*a - b = 315. Is a composite?
False
Let d(b) = -b**3 + 5*b**2 + 2. Let z be d(5). Suppose -y - 3 = -z*y. Is y - (0 - 2) - 2 a prime number?
True
Let f = -1 - -4. Suppose 5*b + 197 = -z + 786, 3*b = -f*z + 351. Is b composite?
True
Let u = -1 + 1. Suppose -2*f + u*f + 4 = 3*t, -4*f + t + 8 = 0. Suppose 0 = f*g - 5 - 9. Is g a prime number?
True
Let y(s) = 11*s**2 - 3*s + 3. Is y(-4) composite?
False
Let m(g) = -60*g**3 - 2*g + 3. Is m(-2) prime?
True
Suppose 4*f + 0*f = 932. Let y = f + -142. Is y composite?
True
Let u(b) = -b**2 + 3*b - 3. Let j be u(3). Let g be (2/(-1))/(j/6). Suppose -5*f = 5, 3*n - 140 = -g*f - 51. Is n composite?
False
Suppose 4*k - 2 - 54 = 0. Let l = k + -32. Is (-4)/l + (-950)/(-18) a prime number?
True
Suppose 0*r + r + 3013 = -3*y, -y + r = 1011. Let z = y - -1491. Suppose 0*d = 5*d - z. Is d a composite number?
False
Suppose 5 = 2*d - 5. Suppose 0 = -0*a + d*a. Suppose a = -2*p + 9 + 9. Is p a composite number?
True
Let x(p) = -25*p + 140. Is x(-33) a prime number?
False
Let o(j) = -5*j**2 - 3. Let v(m) = 3*m**2 + 2. Let a(t) = 5*o(t) + 8*v(t). Let z be a(-1). Suppose -3*i + 258 - 21 = z. Is i composite?
False
Let j = -116 + 605. Is j composite?
True
Let t be